100)/6?
0
Let p(s) = -3*s**3 - s - 1. What is the units digit of p(-1)?
3
Let a = 3 - 1. Suppose 5*k - 129 = -a*l, 0*k = -3*k - 4*l + 69. What is the tens digit of k/(-12)*(-32)/6?
1
Suppose 7*q - q + 318 = 0. Let z = -17 - q. What is the tens digit of z?
3
Let g be (1 - -5)*11/3. What is the units digit of (-2)/5 + g/5?
4
Suppose 4*p = 2*p. Suppose -x - 2 = -2*h + h, p = -2*x. Suppose 3*l - 23 = 5*d, -3*l = h*d + 1 + 4. What is the units digit of l?
1
Let m(x) = x + 2. Let r be m(4). Suppose -2*g + r = -4. What is the units digit of g?
5
Let h(l) = l**3 + 5*l**2 + 5*l - 2. Let t(y) = -y**3 - 5*y**2 + 8*y + 8. Let w be t(-6). Let a be h(w). What is the units digit of ((-6)/3)/a*12?
4
Let y be 4*3/(-4)*3. Let h = y + 9. Suppose -10 = -h*q - q. What is the units digit of q?
0
What is the units digit of (41/41)/((-2)/(-284))?
2
Let j(q) = 3*q**2 - q. What is the units digit of j(2)?
0
Let f(d) = -d**3 - d**2 + 97. What is the tens digit of f(0)?
9
What is the units digit of (-32)/(-48)*(1 + (-38)/(-4))?
7
Suppose 0 = -4*u - 4, 7 - 2 = 2*g - 3*u. What is the units digit of g?
1
Let k = -1 - -1. Suppose -b + 10 = -k*b. What is the units digit of b?
0
Let i = 0 - 0. Suppose 5*o - 50 = -3*s - i*s, -2*o = -3*s - 20. Let x = 17 - o. What is the units digit of x?
7
Let f be 0/4 - 1*10. Let y = 13 + f. Suppose y*o - 45 = -0. What is the units digit of o?
5
What is the units digit of 32/18 - (-42)/189?
2
Let u(h) = h + 5. Let v be u(-9). Let r = v + 9. What is the units digit of r?
5
Let l = 11 + -10. Let m be (-1*l)/(4/36). Let v(q) = -3*q - 8. What is the units digit of v(m)?
9
Suppose 0 = 2*j + 4, -j - 7 = y - 2*y. Suppose -16 = -3*q + y. What is the units digit of q?
7
Let h(l) = 14*l + 4. Let p(o) = -o**2 + 6*o - 5. Let f be p(4). What is the units digit of h(f)?
6
Let a(l) = l**3 + 11*l**2 + 9*l - 10. Let c be a(-10). Suppose c*t = -2*o + t + 43, -19 = -o + 3*t. What is the units digit of o?
2
Let q be -2 - (-3 - (0 + 0)). Let z be q/(-4) + (-42)/(-8). Suppose 32 = z*y + 7. What is the units digit of y?
5
Let w(g) = 0 + 2 - 2 - 2*g + 2. Let m be w(3). What is the units digit of (-2)/m + (-3)/(-2)?
2
Let g(f) = f**3 + 10*f**2 + f + 11. Let c be g(-10). Suppose 2*p = -c + 11. What is the units digit of p?
5
Let i(q) = -q**3 + 4*q**2 + 2*q - 3. Let p(y) = 2 + 3*y - y + y**2 - y. Let r be p(-2). What is the units digit of i(r)?
5
Let c(f) = -2*f**3 - 5*f**2 - 3*f - 4. Let b = -5 + 2. What is the units digit of c(b)?
4
Suppose -2 = -2*k + 2. Suppose 2*v + k*v = 68. What is the units digit of v?
7
Let x(r) = r**3 - 5*r**2 - 4*r - 5. Suppose 0 = 4*o - 24 - 0. Let t be x(o). Suppose 3*l + t = 4*v, -5*l + 3 = -3*v - 0*v. What is the units digit of l?
3
Let g(q) = 2*q - 2. Let y be g(-4). What is the tens digit of 162/10 + 2/y?
1
Suppose 4*d + 26 = m - 0*d, 4*m + 4*d - 64 = 0. What is the units digit of m?
8
Let f be 1/(-3)*(-72)/3. Suppose 3*x - f = 2*x. What is the units digit of x?
8
Let r(w) = -w**2 + w**3 - 4*w - w**2 + 2*w**2 - 1. What is the tens digit of r(3)?
1
Let b(i) = -i**3 + 6*i**2 + 6*i + 7. Let d be b(7). Suppose 5*a - 27 + 2 = d. Suppose 0 = -l - a*f + 16, -f - 35 = -3*l - 3*f. What is the units digit of l?
1
What is the units digit of (-7)/((-21)/6)*7?
4
Suppose 112 = 3*r - 149. What is the tens digit of r?
8
Let t(a) = a - 2. Suppose 5*o = 15 + 10. Let s be t(o). Suppose 5 + 7 = s*j. What is the units digit of j?
4
Suppose -1 = x - 10. Suppose 3*k = x, -4*k + 18 = 3*c - k. Suppose -3*p = -v - 29, 2*p = c*v - 7*v - 4. What is the units digit of p?
8
Let s = 41 - 33. What is the units digit of s?
8
What is the units digit of 2/4*6 - -1?
4
Let x = 145 + -99. Suppose -16 + x = i. What is the units digit of i?
0
Suppose 0 = -4*b - c + 118, -2*b - 2*c = b - 91. What is the tens digit of b?
2
Suppose 4*c - 212 = -56. Let g = -17 + c. What is the units digit of g?
2
Let i be (-2)/6 - 68/3. Let z = -36 + 22. Let u = z - i. What is the units digit of u?
9
What is the tens digit of (-15)/((-4)/((-32)/(-6)))?
2
Suppose 6*z = z - 10. Let f = 10 + z. What is the units digit of f?
8
Suppose 4*u + 45 = 7*u. What is the units digit of u?
5
Let b(p) = 2*p**3 - 7*p**2 + 2*p + 7. Let w be b(5). Let f = w + -64. What is the units digit of 23/7 - 8/f?
3
Let s be 1/(2*(-3)/(-12)). Suppose -2*u + 48 = s*u. What is the units digit of u?
2
Let p(n) be the second derivative of -n**5/20 + 4*n**2 - 2*n. Let y be p(0). Suppose 4*b + y = 0, 2*k + 5*b + 1 = 5. What is the units digit of k?
7
Let k(i) = i**3 - 3*i**2 - 8. What is the units digit of k(6)?
0
Suppose 3 = -n - 0*f - 4*f, -4*f = 5*n - 17. Suppose -g - 48 = -n*g. What is the tens digit of g?
1
Let i be 4/(-2) + 0/2. Let c be (-4)/i*(-2 - -12). Suppose -d + 6*d = c. What is the units digit of d?
4
Let w = 401 + -261. What is the units digit of w?
0
Suppose 11 = 2*i - 21. Suppose -2*t = -3*t + i. What is the tens digit of t?
1
Let b(d) = 2*d**2 + d. Suppose 3*p + p - 3*g + 23 = 0, -20 = -4*g. What is the units digit of b(p)?
6
Let h(d) = d + 1. Suppose 0 = -4*m + 3*m - 1. Let p be m/(1 + 6/(-5)). What is the units digit of h(p)?
6
Let v(g) = 11*g - 3. Let n be v(5). Suppose -4*p + 2*u + n = 0, 41 = 4*p + 2*u + 5. What is the units digit of p?
1
Let h(u) be the third derivative of u**5/15 + u**4/24 - u**3/6 + 4*u**2. What is the units digit of h(1)?
4
Let d(p) be the third derivative of 5*p**4/24 - p**3/2 + 3*p**2. What is the units digit of d(5)?
2
Let s = -6 + 9. Suppose -37 = -s*x - 7. What is the units digit of x?
0
Suppose 0 = 3*l - l - 40. Suppose 4*o = -5*x + 30, x + o - 3*o - l = 0. What is the tens digit of x?
1
Let y be 4/(8/4 + 0). Let w be ((-4)/(-5))/(2/10). Suppose -w*j = -y*v - 10, 3*j + v - 30 = -2*v. What is the units digit of j?
5
Suppose 4*w - 132 = 4. What is the units digit of w?
4
What is the tens digit of 30 - (0 + -5 + 2)?
3
Let m be -3 - 2 - 8/4. Suppose 4*t - 19 = 13. Let i = m + t. What is the units digit of i?
1
Let g be (-1)/(-3) + (-24)/(-9). Suppose -g*f - 20 = -2*f. Let j = 28 + f. What is the units digit of j?
8
Let x(f) = -f**3 - f**2 - 9. Let u be x(0). Let k be -3*(30/u + 2). Let v = 12 - k. What is the units digit of v?
8
Suppose -32 = -r - v, -83 = -7*r + 3*r + 5*v. What is the units digit of r/6 - (-2)/(-4)?
4
Let g = 4 - 1. Suppose -4 + 10 = -g*r. Let s = 1 - r. What is the units digit of s?
3
Suppose 4*i - 4*w = -0*w - 20, -15 = i - 3*w. Suppose i*t - t = -1. What is the units digit of t?
1
Suppose 0 = 5*d + 2*z + z - 351, -204 = -3*d - 4*z. What is the units digit of (1/(-1))/((-9)/d)?
8
Suppose 69 + 66 = 5*b. What is the tens digit of b?
2
Let g(d) be the first derivative of d**4/4 - 8*d**3/3 + 5*d**2 + d + 1. What is the units digit of g(7)?
2
Let u = 129 - 64. Let z = -37 + u. What is the tens digit of z?
2
Suppose -2*j - x = -64, j + 2*x = -x + 42. What is the tens digit of j?
3
Suppose 0*r + 5 = r. Suppose 6*q = r*q + 13. What is the tens digit of q?
1
Suppose -2*b = -b + 4. What is the units digit of (7/b)/((-2)/8)?
7
Let q be (-4)/(-6) + 22/3. What is the units digit of q/(0 + 1) - 1?
7
Let z be (-136)/(-10) + 2/5. What is the units digit of 4/z + 54/7?
8
Suppose 10 = -5*f - 5. Let g be (f/(-9))/((-1)/(-6)). Let b = g + 2. What is the units digit of b?
4
Let y = -2 - -3. Suppose y + 14 = 5*t - 4*x, -t + 3*x = 8. What is the units digit of t?
7
Let t = -4 + 8. What is the units digit of (1 + 1 - t)/(-2)?
1
Suppose 6*g - g = 20. Suppose 3*y = g + 14. Let t = y + -4. What is the units digit of t?
2
Let g(f) = f**2 - f + 1. Let l be g(1). What is the units digit of 14*(9/6 - l)?
7
Let y = -13 - -31. What is the tens digit of y/9 + 26 + -2?
2
Suppose 4*x - 420 = -3*z - z, 4*z + 3*x = 424. What is the tens digit of z?
0
Let g be (-1160)/(-30)*6/4. Suppose -2*i + g = 3*l, 2*i - 54 = -3*l - l. What is the tens digit of i?
3
Let l(n) = -n - 1. What is the units digit of l(-7)?
6
Let n(z) = -z**2 - 8*z + 2. Let c be n(-8). Suppose -5*w + 16 = 3*g, w = -c*g - w + 8. Suppose -g*m - m = -21. What is the units digit of m?
7
Let h be 1/(-3 + (-7)/(-2)). Suppose 3*c + h = 4*c. What is the units digit of c?
2
Let d(t) = 6 + 0 - t**3 + 2*t**3 - 11*t**2. Suppose -43*b + 39*b + 44 = 0. What is the units digit of d(b)?
6
Let r(x) = x**2 + 2*x + 4. What is the tens digit of r(-9)?
6
